- 3) + 24172 composite?
False
Let j(a) = 15*a**2 + 31*a**3 + 0*a + 2 - 30*a**3 - 18*a - 3*a. Is j(-15) composite?
False
Suppose -y + 0 = 6. Let s(b) = 300*b**3 - 5 + 3*b**2 - 151*b**3 - 150*b**3 + 8*b. Is s(y) a composite number?
False
Suppose 4*x - 52365 = -11*x. Is x a prime number?
True
Let m(z) = -6*z - 6. Let x(l) = -6*l - 5. Let s(r) = 4*m(r) - 5*x(r). Let t(a) = 2*a**3 + a - 1. Let w be t(1). Is s(w) composite?
False
Suppose -40*p + 39*p = -97. Let d = p + 30. Is d composite?
False
Let t(a) = -a**2 + 6*a - 4. Let n be t(3). Suppose -n*r = -r - 8. Suppose -4*p + 154 = r*u, -2*p = 2*u - 0*p - 164. Is u a prime number?
False
Let d(o) = -o**3 + 3*o**2 + 3. Let r be (-1)/(-3) + (-8)/(-3). Let x be d(r). Suppose 0 = x*a - a - 44. Is a a composite number?
True
Let b(t) = 502*t**2 - 33*t - 32. Is b(-1) a prime number?
True
Let v be ((-4)/(-10) + 0)*5. Suppose 2*k + 117 = -v*p - k, 4*p + 261 = 3*k. Let l = p - -114. Is l a composite number?
True
Let s(l) = l + 6. Let a be s(-12). Let u be (-15)/10 + a/(-4). Suppose -3*v + 1143 = -u*v. Is v prime?
False
Let l = 26 + 69. Is l composite?
True
Suppose -8*r - 2*c + 5027 = -7*r, 5*r + 3*c - 25135 = 0. Is r prime?
False
Suppose 0*v = -2*v + 20. Let n be ((-8)/v)/(8/(-40)). Suppose n*r = 7*r - 861. Is r prime?
False
Let c(d) = d**3 - 10*d**2 + 11*d + 9. Let p be c(9). Suppose p*b + 332 = 31*b. Is b a composite number?
False
Let m(s) be the second derivative of s**6/120 + s**5/120 - s**4/12 - 4*s. Let j(y) be the third derivative of m(y). Is j(5) a prime number?
True
Let f = -2240 + 4063. Is f composite?
False
Suppose -h = 3*p - 52, 3*h = 2*p + 168 - 1. Is h composite?
True
Let i = 25 - 15. Let b be (i/(-3))/(16/(-552)). Let t = 96 + b. Is t a composite number?
False
Suppose 8 - 8 = -u. Suppose -4*d + 3*k + 588 + 399 = 0, d - 3*k - 240 = u. Is d a prime number?
False
Let y(a) = a - 1. Let b be y(5). Suppose 0*f = -b*f + 1052. Is f prime?
True
Let s(w) = -39*w**3 + 5*w**2 + 6*w + 4. Let i be s(-4). Let q = i - 803. Suppose -3*p = -5*n - q, -5*n = 5*p - 3177 + 282. Is p a prime number?
False
Let u(h) = h**3 + 8*h**2 + 2*h - 18. Let k be u(-4). Let w be -4*(4 + -2)/(-2). Suppose -g = -k + w. Is g prime?
False
Let y = 18 + -36. Let s = y - -20. Suppose -3*a + 574 = i, 568 = 3*a - s*i - 3*i. Is a composite?
False
Let t be 20/(-7 - -3) - -2. Is t/(-6) - 274/(-4) a prime number?
False
Let g = -4344 + 7275. Is g a composite number?
True
Let v(d) = d**2 - 2*d + 341. Let l(q) be the first derivative of -q**3/3 - q**2/2 + 7. Let f be l(0). Is v(f) composite?
True
Let j be 57/(-19) + 2569 + 1. Let h = -1296 + j. Let k = -685 + h. Is k a prime number?
False
Let b = -1287 + 4922. Is b prime?
False
Let p(r) = -4*r + 14*r**2 + 10*r - r**2 - 8. Is p(3) prime?
True
Let j(o) = 109*o**2 - 13*o - 109. Is j(7) composite?
True
Let v(p) = 36*p**2 - 34*p + 125. Is v(-18) prime?
True
Let o be (-481)/(-5) - 14/70. Suppose o + 42 = 3*d. Suppose b = d + 7. Is b prime?
True
Let o be (5 - 77/14)/(2/(-1532)). Let q = o - 114. Is q composite?
False
Let f(m) = -m - 4. Let b(n) = -1. Let z(l) = 3*b(l) - f(l). Let v be z(4). Suppose 3*d - v*d + 106 = 0. Is d a prime number?
True
Is 1 - -2 - (-1720 - -66) a prime number?
True
Suppose -82 + 236 = -22*p. Let n(k) = 4*k - 7. Let v be n(5). Let b = p + v. Is b a composite number?
True
Is -5 + (-45)/(-6)*5124/5 prime?
True
Let s(d) = 77*d**3 - 9*d**2 + 32*d - 7. Is s(6) composite?
False
Let u = -24 - -29. Let m(f) = 9*f**2 - 6*f - 4. Is m(u) prime?
True
Suppose -2 = -4*o - 6, -5*o - 31 = -2*b. Is 26/b - -3*4507 a composite number?
False
Is (0 - 1)/((-12)/64212) prime?
True
Let b(a) = -a**3 + 7*a**2 + 6*a + 2. Let t be b(8). Let l = t - -14. Is 4/((-12)/(-9)) - l prime?
True
Suppose -17 = -l - 5*j, -10 = 3*l - 4*j - 4. Suppose -l*u + 3931 = p, 2004 = 2*p - 5*u - 5813. Is p a prime number?
False
Is (-1)/7 - 2264680/(-770) a composite number?
True
Suppose -49475 = -3*x + 2*i, -5*i + 9386 - 91841 = -5*x. Is x composite?
False
Suppose c + 1314 = -c. Let f be (2/(-6))/((-3)/c). Let o = -34 - f. Is o composite?
True
Let u(x) = 2*x. Let w be u(0). Suppose w = -15*a + 10*a + 2945. Is a prime?
False
Let x = -1 - -5. Suppose 2*t - x*t + 76 = 0. Is t - (3 - 4)*-3 prime?
False
Let k = 3011 - 326. Suppose 5*x + k = 5*h + x, 1077 = 2*h - x. Is h prime?
True
Let p be 16378/(-18) - 7/63. Let g = -101 - p. Is g prime?
True
Let c be 5410/6 + (-1)/(-3). Let p be c + -19 + -1 + -1. Suppose -9337 + p = -8*u. Is u composite?
True
Suppose 4*y = 4*a - 4, 2*y - 3 = 1. Let n = 6 - a. Is ((-2)/n)/((-2)/615) composite?
True
Let d(q) = 6*q**2 + 29. Is d(-8) composite?
True
Suppose -5*d = -s + 2289, 3510 + 1116 = 2*s + 2*d. Is s prime?
True
Let x be 221 - (-4 + (-18)/(-2)). Let n = x + -93. Is n a prime number?
False
Suppose 0 = 2*n - 5*n + 27231. Is n composite?
True
Let a be -1*-2*(-2902)/(-4). Suppose -4*y + a = o + 356, -5*y - 4338 = -4*o. Is o a prime number?
True
Suppose 4*t - 13 = -245. Let a be 387 - (-1 + (4 - 1)). Let n = t + a. Is n a prime number?
False
Let q = -23 + 27. Suppose 0 = -g - 2*u + 171, -q*g + g = 5*u - 509. Is g composite?
False
Let a(r) = -r**2 - 10*r - 10. Let q be a(-6). Let o be 5/25 - q/(-5). Suppose -o*k + 81 - 500 = -p, 2*k + 2095 = 5*p. Is p prime?
True
Is (-404624)/(-64) + (-6)/(-8) a prime number?
True
Let d(r) = -r. Let q be d(0). Let v be 64/56*14/4. Suppose v*i - 812 = -5*j, q = 2*i - 3*j - 457 + 51. Is i prime?
False
Suppose -2*z = -1001 + 399. Is z composite?
True
Is ((-36)/108)/((-3)/396513) a prime number?
False
Suppose -9*a - 80 = -15461. Is a a composite number?
False
Is (10/(-30))/(-2*1/7266) prime?
False
Let y(a) = a**2 + 11*a - 25. Let i be y(-13). Let r be 6*4/8*i. Suppose 6*m - m + n = 1166, r*m - 702 = -3*n. Is m a composite number?
False
Suppose 0 = -3*z - 5*j + 7, 5*z = j + 25 - 4. Suppose -10 = -s - z*s. Suppose -4*q + 8*q - s*l - 310 = 0, 0 = -3*l - 3. Is q composite?
True
Let z(m) = 4*m**2 - 15*m - 9. Let k(t) = -2*t**2 + 7*t + 4. Let d(j) = -9*k(j) - 4*z(j). Let x be 38/6 + (-16)/(-24). Is d(x) a prime number?
False
Let t = 5 + -6. Let d be (-6)/t + (1 - 4). Is d - 9/(27/(-456)) prime?
False
Let w = 494 + -240. Suppose -71*i + w = -69*i. Is i prime?
True
Let w(s) = 32*s - 12. Let l be w(-6). Let o = l + 675. Is o a prime number?
False
Suppose 0 = 48*n - 52*n + 4388. Let s = -648 + n. Is s a composite number?
False
Suppose 5*s = -20, 4*h = -3*s + 4*s + 2720. Is h a composite number?
True
Let p(l) = l**3 + l**2 + 1. Let g(y) = 4*y**3 + 6*y**2 + 5*y + 4. Let s(i) = -g(i) + 3*p(i). Is s(-4) a prime number?
False
Let w(t) = -57*t + 4. Let g be w(-3). Suppose g = -3*a + 8*a. Is a composite?
True
Let u(q) = -25*q - 25. Let v be u(8). Let d = v - -438. Is d a prime number?
False
Let q(t) = 1379*t**3 + t**2 + 3*t - 15. Is q(2) a composite number?
False
Let k = -81389 - -117468. Is k prime?
False
Suppose 5*x - 14249 = -1594. Is x a prime number?
True
Let b = -240 - 1046. Let z = -699 - b. Is z prime?
True
Let t(s) = -120*s - 203. Is t(-15) a composite number?
False
Suppose -r + 4*h - 20 = -h, 15 = 3*h. Suppose c - 4974 = -3*d, -r*c + 8288 = 5*d - 4*c. Is d a prime number?
True
Suppose -z + 4821 = 2*m, 0 = -3*z + 5*m + 5082 + 9436. Is z a prime number?
True
Let v(w) = -w**3 - w**2 + 7*w + 11. Let a(d) = d**2 + 5 + 12 + d - 7 - 11*d. Let g be a(8). Is v(g) a prime number?
True
Let j(v) = -16858*v - 527. Is j(-4) a prime number?
False
Let q(h) = 2120*h**3 + 2*h**2 + 8*h - 31. Is q(3) composite?
False
Let j(g) = -3*g**3 + 20*g**2 - 58*g + 63. Is j(-26) a prime number?
True
Let a be 9 - 5 - (8 + -2). Let o(t) = -475*t - 7. Let g be o(a). Let y = -446 + g. Is y prime?
False
Let k(p) = p + 14. Let h be 3/9 - 68/6. Let o be k(h). Suppose o*g - 96 - 99 = 0. Is g prime?
False
Let t = 644 - -2709. Is t a composite number?
True
Let l(q) = 25*q**3 - 14*q**2 + 60*q + 10. Is l(11) composite?
False
Let a(r) = 216*r - 26 + 2 + 41. Is a(5) composite?
False
Let z(b) = -10*b**3 + 6*b + 10. Let i(u) = -u**3 - 8*u**2 - 7*u - 3. Let j be i(-7). Is z(j) composite?
True
Suppose 0*g - 5*g = 0. Suppose 10*z = 9*z + 44. Suppose -z = -g*i - 2*i. Is i a composite number?
True
Suppose -3*u = -2*q - 346, -2*u + q + 249 - 18 = 0. Suppose 3*f - u = f. Is f composite?
True
Let s(t) = 18059*t - 999. Is s(4) a c